79 and 189.
9
Calculate the greatest common factor of 9 and 3875881851.
9
Calculate the greatest common factor of 117014 and 4790439.
1427
What is the highest common divisor of 51 and 1079002563?
51
Calculate the highest common divisor of 27120 and 19720308.
1356
What is the highest common divisor of 827 and 940299?
827
What is the highest common factor of 54399 and 3691?
1
Calculate the highest common factor of 159206908 and 952.
28
What is the highest common divisor of 11200222 and 11?
11
Calculate the greatest common divisor of 31717 and 64400.
161
Calculate the highest common divisor of 30591 and 2407482.
297
Calculate the greatest common factor of 60 and 59355980.
20
Calculate the highest common factor of 187272037 and 19.
19
Calculate the greatest common divisor of 609 and 5013491.
203
What is the greatest common divisor of 35252 and 259196?
28
Calculate the greatest common factor of 974051794 and 46.
46
What is the highest common factor of 328 and 1055389364?
164
What is the highest common divisor of 118913284 and 1476?
164
What is the highest common factor of 6336 and 10626912?
288
Calculate the greatest common divisor of 21107279 and 777.
37
Calculate the greatest common factor of 79951715 and 380.
95
Calculate the highest common divisor of 73245720 and 15.
15
What is the highest common factor of 244 and 185420846?
122
Calculate the greatest common divisor of 452 and 19568662.
226
Calculate the highest common factor of 1928439 and 999729.
5463
Calculate the greatest common divisor of 1 and 2256377.
1
Calculate the greatest common factor of 2800 and 110272.
16
What is the greatest common factor of 1362 and 7472613?
681
Calculate the highest common divisor of 26730 and 175410.
90
Calculate the highest common divisor of 101599049 and 397.
397
Calculate the highest common divisor of 42 and 13074369.
21
Calculate the greatest common divisor of 9 and 393904584.
9
What is the highest common factor of 224 and 4365298?
14
Calculate the highest common factor of 249776 and 221904.
1072
Calculate the greatest common divisor of 240 and 21418800.
240
Calculate the highest common factor of 5863830 and 378.
42
What is the greatest common divisor of 16828 and 10612?
28
Calculate the greatest common divisor of 110 and 849440.
10
Calculate the greatest common divisor of 20128 and 2156212.
2516
Calculate the highest common factor of 7856804 and 874.
38
Calculate the greatest common divisor of 8804 and 2542496.
124
What is the greatest common divisor of 969991 and 6213?
109
What is the highest common divisor of 10336851 and 189?
63
What is the highest common factor of 3774 and 87870671?
629
What is the greatest common divisor of 96 and 26457344?
32
Calculate the greatest common factor of 4774286 and 3752.
134
Calculate the highest common factor of 9 and 3410089731.
9
Calculate the greatest common factor of 10502885 and 590.
295
Calculate the highest common divisor of 348 and 221772.
12
Calculate the greatest common divisor of 9670 and 1663990.
10
Calculate the highest common divisor of 7161 and 5995803.
1023
Calculate the highest common divisor of 18820792 and 2584.
152
Calculate the greatest common factor of 1344 and 1393152.
192
What is the highest common divisor of 70 and 54367270?
10
What is the greatest common divisor of 1980439 and 11624?
1453
What is the highest common factor of 738341769 and 232?
29
Calculate the greatest common divisor of 117 and 944145.
9
What is the highest common divisor of 221085512 and 16?
8
What is the greatest common factor of 320 and 4318915?
5
What is the greatest common divisor of 6210 and 75734910?
90
What is the greatest common divisor of 84 and 1031457?
21
Calculate the highest common divisor of 19671 and 14299.
79
Calculate the greatest common divisor of 373741560 and 4176.
2088
What is the highest common divisor of 1410 and 139085502?
282
What is the greatest common factor of 39 and 2342587?
13
Calculate the highest common divisor of 16 and 2544904.
8
What is the highest common divisor of 174887 and 277489?
61
What is the greatest common divisor of 23419 and 6754?
11
Calculate the greatest common divisor of 128 and 64259664.
16
Calculate the greatest common factor of 73301843 and 6167.
881
Calculate the highest common divisor of 5058108 and 901.
53
What is the greatest common factor of 12821057 and 26807?
2437
What is the highest common factor of 30916860 and 135?
15
What is the highest common divisor of 35263 and 239158?
197
Calculate the highest common divisor of 56134 and 35049206.
4318
Calculate the greatest common divisor of 10256571 and 324.
27
Calculate the highest common divisor of 4652885 and 4100.
205
What is the highest common factor of 3082643 and 242005?
1669
What is the greatest common divisor of 35 and 17084860?
5
Calculate the greatest common divisor of 25 and 829562050.
25
What is the greatest common divisor of 56456 and 32184?
8
What is the greatest common factor of 13303 and 269876?
53
Calculate the greatest common divisor of 74 and 34271990.
74
What is the greatest common divisor of 504014 and 1702?
74
What is the greatest common factor of 111092272 and 464?
464
Calculate the highest common divisor of 1494459 and 376.
47
What is the highest common divisor of 946806 and 210?
42
What is the highest common factor of 886720 and 1320?
40
What is the highest common divisor of 44538650 and 2100?
50
What is the greatest common divisor of 5218565 and 22705?
1195
Calculate the highest common factor of 3024 and 6482.
14
Calculate the highest common divisor of 2460 and 7486805.
205
What is the highest common factor of 200 and 3365975?
25
Calculate the greatest common divisor of 10360 and 14365435.
1295
What is the greatest common divisor of 14915 and 76500?
5
Calculate the highest common factor of 73044904 and 1.
1
Calculate the highest common factor of 281810936 and 4986.
554
What is the highest common divisor of 6 and 147847563?
3
Calculate the highest common divisor of 72 and 121909356.
36
Calculate the highest common divisor of 17947 and 5810898.
131
Calculate the greatest common factor of 27 and 989021880.
27
What is the highest common factor of 4032067 and 7267?
559
What is the greatest common factor of 300 and 85644450?
150
What is the highest common divisor of 3072531 and 684860?
3113
What is the highest common divisor of 6621179 and 6657?
317
Calculate the highest common factor of 1198 and 23841398.
1198
What is the greatest common factor of 1098 and 2617884?
18
What is the highest common divisor of 446098917 and 2013?
2013
What is the highest common factor of 208 and 54756728?
104
Calculate the highest common factor of 2084527016 and 143.
143
What is the greatest common factor of 391 and 1257082?
17
What is the greatest common factor of 72 and 33659848?
8
What is the greatest common divisor of 32078669 and 12673?
551
Calculate the highest common factor of 27204896 and 1088.
544
What is the greatest common divisor of 14 and 37877406?
14
Calculate the highest common factor of 280 and 230665.
5
What is the highest common factor of 335890 and 40?
10
What is the greatest common divisor of 1595 and 305360?
55
What is the greatest common factor of 1652596 and 11644?
284
Calculate the highest common factor of 156876 and 32192.
4
Calculate the highest common divisor of 25668 and 1728.
36
What is the greatest common factor of 29562876 and 15876?
1764
Calculate the greatest common divisor of 169595 and 553165.
1585
What is the highest common factor of 22103850 and 490224?
8754
Calculate the greatest common factor of 1747548 and 4620.
132
Calculate the greatest common factor of 4647672 and 9.
9
What is the greatest common factor of 1720997 and 4252?
1063
Calculate the greatest common factor of 8890 and 24094.
14
What is the highest common factor of 602 and 352530942?
86
Calculate the greatest common divisor of 538837 and 458473.
181
What is the highest common divisor of 354412 and 315256?
1004
Calculate the greatest common factor of 696 and 5336841.
87
Calculate the greatest common divisor of 228 and 2087292.
12
Calculate the greatest common factor of 630324 and 4176.
36
Calculate the highest common factor of 915 and 10002414.
183
Calculate the greatest common factor of 3267 and 887898.
363
What is the h